s the greatest common factor of 12 and 156?
12
Calculate the highest common divisor of 195 and 1131.
39
Calculate the highest common factor of 7 and 2611.
7
Calculate the highest common factor of 172831 and 431.
431
Calculate the highest common divisor of 12 and 516.
12
What is the greatest common divisor of 11268 and 72?
36
Calculate the highest common divisor of 77 and 1045.
11
Calculate the highest common factor of 1055 and 5.
5
Calculate the greatest common divisor of 158 and 158.
158
Calculate the greatest common divisor of 3250 and 2500.
250
Calculate the greatest common factor of 12 and 5196.
12
What is the highest common factor of 66 and 18?
6
Calculate the greatest common factor of 756 and 24.
12
What is the highest common divisor of 112 and 1442?
14
What is the highest common factor of 1638 and 28?
14
What is the greatest common factor of 56 and 304?
8
What is the highest common divisor of 26 and 38467?
13
Calculate the highest common factor of 20 and 3300.
20
Calculate the greatest common factor of 244 and 1403.
61
What is the highest common factor of 364 and 5600?
28
What is the greatest common divisor of 460 and 46?
46
What is the highest common divisor of 2294 and 37?
37
Calculate the highest common divisor of 406 and 28.
14
What is the highest common divisor of 10 and 1030?
10
Calculate the highest common divisor of 52 and 416.
52
What is the highest common divisor of 15 and 48?
3
Calculate the greatest common factor of 140 and 125.
5
Calculate the highest common factor of 6 and 274.
2
What is the greatest common divisor of 4 and 430?
2
Calculate the greatest common factor of 7280 and 468.
52
What is the highest common divisor of 5313 and 231?
231
What is the highest common divisor of 1750 and 560?
70
What is the highest common divisor of 64 and 10?
2
Calculate the greatest common divisor of 795 and 255.
15
Calculate the greatest common divisor of 384 and 48.
48
Calculate the highest common factor of 1239 and 147.
21
What is the highest common divisor of 1408 and 8?
8
What is the highest common divisor of 4293 and 106?
53
What is the greatest common divisor of 39 and 65?
13
Calculate the highest common factor of 2507 and 621.
23
Calculate the highest common divisor of 53 and 159.
53
What is the greatest common factor of 90 and 99?
9
Calculate the greatest common divisor of 290 and 58.
58
What is the greatest common divisor of 13 and 13?
13
What is the greatest common factor of 299 and 26?
13
What is the highest common factor of 5110 and 219?
73
Calculate the highest common factor of 72 and 6096.
24
Calculate the highest common factor of 1824 and 3552.
96
Calculate the greatest common factor of 536 and 72.
8
Calculate the highest common divisor of 4081 and 616.
77
Calculate the greatest common divisor of 767 and 26.
13
Calculate the highest common divisor of 62 and 8.
2
Calculate the highest common factor of 51 and 408.
51
Calculate the greatest common divisor of 198 and 81.
9
What is the greatest common divisor of 26 and 481?
13
What is the greatest common divisor of 144 and 189?
9
Calculate the highest common divisor of 24 and 768.
24
What is the highest common factor of 40 and 800?
40
Calculate the greatest common factor of 1925 and 42.
7
What is the greatest common divisor of 25 and 85?
5
What is the highest common divisor of 156 and 17212?
52
What is the highest common factor of 1036 and 56?
28
Calculate the highest common factor of 406 and 784.
14
Calculate the greatest common factor of 121 and 2827.
11
What is the greatest common factor of 124 and 4?
4
What is the highest common divisor of 17 and 16864?
17
What is the greatest common divisor of 1650 and 225?
75
Calculate the highest common divisor of 899 and 806.
31
What is the highest common divisor of 6 and 52?
2
Calculate the greatest common divisor of 27 and 603.
9
Calculate the highest common divisor of 52597 and 353.
353
Calculate the highest common divisor of 10 and 3545.
5
What is the greatest common divisor of 735 and 2597?
49
Calculate the greatest common factor of 693 and 504.
63
What is the highest common factor of 56 and 5704?
8
Calculate the greatest common factor of 295 and 1711.
59
What is the greatest common factor of 147 and 22197?
147
What is the greatest common factor of 27944 and 168?
56
What is the greatest common divisor of 450 and 200?
50
Calculate the highest common divisor of 18 and 27.
9
Calculate the highest common divisor of 7 and 819.
7
Calculate the highest common factor of 420 and 5.
5
Calculate the greatest common factor of 662 and 4.
2
What is the greatest common divisor of 15 and 24120?
15
What is the greatest common factor of 2548 and 52?
52
Calculate the highest common divisor of 1108 and 12.
4
What is the greatest common divisor of 50 and 12?
2
Calculate the highest common divisor of 3 and 33.
3
Calculate the highest common factor of 120 and 264.
24
Calculate the greatest common divisor of 345 and 6.
3
Calculate the greatest common divisor of 3234 and 132.
66
What is the greatest common factor of 7 and 2513?
7
What is the highest common factor of 630 and 144?
18
What is the greatest common factor of 988 and 76?
76
What is the greatest common divisor of 121 and 22?
11
Calculate the highest common factor of 2266 and 22.
22
What is the highest common factor of 143 and 44?
11
Calculate the highest common divisor of 12 and 2532.
12
Calculate the greatest common factor of 485 and 679.
97
Calculate the highest common divisor of 22 and 77.
11
Calculate the greatest common factor of 60 and 270.
30
What is the highest common factor of 1646 and 2?
2
What is the highest common divisor of 44 and 121?
11
Calculate the highest common factor of 1843 and 57.
19
Calculate the highest common factor of 243 and 99.
9
What is the highest common factor of 21 and 987?
21
What is the greatest common factor of 35 and 14?
7
Calculate the greatest common factor of 3599 and 976.
61
Calculate the greatest common factor of 552 and 72.
24
What is the greatest common divisor of 4887 and 362?
181
Calculate the highest common factor of 135 and 850.
5
What is the greatest common divisor of 13 and 1313?
13
Calculate the highest common divisor of 1924 and 148.
148
What is the highest common divisor of 24 and 12?
12
Calculate the greatest common factor of 6380 and 1100.
220
What is the greatest common factor of 3548 and 4?
4
What is the greatest common divisor of 4066 and 19?
19
What is the highest common divisor of 48 and 138?
6
What is the highest common divisor of 5096 and 52?
52
Calculate the highest common factor of 144 and 32.
16
Calculate the greatest common factor of 216 and 1593.
27
What is the highest common divisor of 16 and 1264?
16
Calculate the highest common divisor of 175 and 140.
35
What is the highest common divisor of 17 and 323?
17
What is the greatest common divisor of 25880 and 80?
40
What is the highest common divisor of 414 and 3657?
69
What is the highest common factor of 2768 and 192?
16
What is the highest common divisor of 1769 and 244?
61
What is the greatest common divisor of 1816 and 8?
8
What is the greatest common divisor of 17 and 1003?
17
What is the greatest common divisor of 504 and 1050?
42
What is the greatest common factor of 684 and 2888?
76
Calculate the highest common factor of 100 and 1100.
100
What is the greatest common factor of 28130 and 725?
145
What is the greatest common factor of 30 and 8110?
10
What is the highest common divisor of 3796 and 52?
52
What is the highest common divisor of 6457 and 22?
11
What is the greatest common divisor of 116 and 36?
4
Calculate the greatest common divisor of 49 and 14.
7
Calculate the greatest common factor of 324 and 4.
4
Calculate the greatest common divisor of 67 and 536.
67
What is the highest common divisor of 594 and 36?
18
Calculate the greatest common divisor of 451 and 1034.
11
Calculate the highest common factor of 132 and 8250.
66
Calculate the highest common divisor of 1170 and 2250.
90
What is the greatest common divisor of 18 and 738?
18
Calculate the highest common divisor of 9525 and 75.
75
What is the greatest common divisor of 51 and 3247?
17
Calculate the highest common factor of 21 and 357.
21
Calculate the greatest common factor of 171 and 63.
9
Calculate the hi